4 - (-16 - (18 - 32))) + -24 + -15
-101
(71 - (-8 - -7 - -5)) + -23
44
Calculate (-4 + 3 + 2 - (-3 + 9)) + (-85 - -151).
61
What is -29 + (5 - -5) + 22 - (1 + -5)?
7
(3 + -6 + 0 - 5) + 62 + 11 + -30
35
What is the value of (-1 - (28 - 83)) + -24 - -2?
32
What is -24558 - -24516 - (0 - (0 - -2))?
-40
Calculate 74 - ((-51 - (10 - 63)) + 10 + (-3 - -2)).
63
Evaluate (21 - 17 - 63) + 5.
-54
-50 + -38 + 56 + 19
-13
-2 + 62 - (10 - -32)
18
What is 13 + (535 - 527 - (1 - -4)) + -26?
-10
Evaluate 8 - 8 - (6 - (-17 - -7 - -30)).
14
42 + 8 + (-39 - -21 - -1)
33
0 + -10 + 3 + (18 - 20) + -37
-46
Calculate ((-18 - -4) + 6 - -8) + -152 + 38 + 10.
-104
What is (3 + -4 - -77) + (-85 - (-1 - 80))?
72
Calculate -94 - (0 + -30 + (-43 - -47) + 13).
-81
(0 - (8 + -1)) + 61 + (0 + 13 - 8)
59
What is the value of -10 + 2 - (-3986 + 4009)?
-31
-6 + 12 + -24 + (9 - 10 - 17)
-36
34 - (-2 - -22) - (8 + -9 + -62)
77
What is -124 + -19 + (36 - 14) + -16 + 1 + 25?
-111
(-3 - -99 - 43) + -18
35
What is the value of -14 + -14 + (12 - (0 + -42))?
26
What is 32 - (-6 - (45 + -46))?
37
What is the value of -8 - 5 - (-10 + 62 + -22)?
-43
What is the value of -8 - (0 - (-4 - 2) - (5435 - 5374))?
47
What is (-2 - (5 - 12) - 1) + (266 - 196)?
74
What is (430 - 444) + -61 + 28 + -1?
-48
-3 - (-27 + -47 + 54)
17
Calculate 1722 + -1734 - (-11 + 7 - (-30 + 2)).
-36
Calculate (-16 - -39) + -9 - (50 - (-9 - 2) - -11).
-58
What is the value of 27 + -9 + -17 + 4 + 23?
28
What is the value of (-5 - -10 - 16 - 13) + -6 + (3 - 6)?
-33
What is (-43 + -1 - (31 + (8 - 24))) + (8 - 0)?
-51
What is (19 - 74) + 12 + 11 + 102?
70
What is the value of 0 - (-162 - -13 - -73)?
76
0 + 1 + (22 - 21 - 8)
-6
What is the value of 113 + -110 + (-27 + 3 + 0 - 0)?
-21
Evaluate 46 + -16 - (140 - 109).
-1
(6 - (8 - -3 - 12)) + (1 - 2) + -49
-43
Evaluate 3 + (89 - -4) - (16 + -14 - (-31 + 29)).
92
-82 + -1 + ((29 - 55) + (2 - -23) - -14)
-70
What is (25 - 15) + -1 + -7 + -2?
0
What is 6 + 2 + -30 + 43?
21
Evaluate (9 - (11 - 5)) + 0 + (37 - 31).
9
Evaluate -45 - (17 + 17 + -16).
-63
(-8 - (2 - (4 - -2))) + (25 - -38) + 2
61
(42 - -1) + 4 + 2167 + -2143
71
181 + -101 - 73 - (3 - (0 - 1)) - -89
92
Calculate -2463 - -2499 - (3 - (2 + 5)).
40
What is the value of -2 - (-18 + 0 + (12 - ((6 - -2) + -3)))?
9
Evaluate (19 - (9 + 16) - 2) + -45.
-53
Calculate -18 + 6 + 2 - (-6 + (3 - 16)).
9
What is (1 + -8 - ((30 - -59) + -177)) + -19?
62
-77 - 1 - (-35 - (-5 + 1))
-47
Evaluate -15 - (-16 + -6 + (0 - -10) - -51).
-54
What is the value of (4 - (-42 - -25) - 74) + 14?
-39
What is 94 + -74 - (-6 + 5 + 40) - 24?
-43
((2 - 0) + 3 - (1 - 5)) + (-133 - -103)
-21
-5 - 0 - (4 + 8 + -55 + -2 + 12)
28
0 - 75 - (49 + 11 + -19 + -21)
-95
(2228 - 2190) + (-20 - -2) - (-1 + 13)
8
What is the value of 29 + (-35 - (3 - (22 + -7)))?
6
Calculate 3 + (7 - 4 - 9 - -4) + (26 - 19).
8
25 + 0 - (43 + 14) - 14
-46
2 - (-1 - -6) - (2 + (-2 - -7)) - -41
31
What is 11 + -25 + (3 - 7 - -14)?
-4
Calculate 75 - (-15 - -42 - -27).
21
Calculate -5207 + 4995 - (-1 - 102).
-109
What is (-12 - -11) + -28 + 6?
-23
11 + -7 + (20 - 29 - -7) + -131 + -1
-130
What is the value of -71 - (-15 + -16 - -14) - 2?
-56
-26 + 47 + -89 - -18
-50
What is (0 - (-1 + 4 + -60)) + (-94 - (-146 + 58))?
51
Calculate (-221 - -230) + 18 + -3 + -16.
8
What is the value of -37 + -43 + -19 + 121?
22
-22 - (1 - 2 - (-68 - -68 - (-2 - -12)))
-31
Evaluate 4 + 10 + 6 - -22.
42
Calculate 47 - (-5 + (20 - (2 + 22))).
56
Calculate (18 + -10 - 29) + 59 + -46.
-8
What is 1 - -42 - (443 - 439)?
39
Calculate -40 - -7 - (-188 - -189).
-34
Calculate -32 + 3 - (2 - 158 - -216).
-89
Calculate (13 - (47 - 77)) + -45.
-2
-34 + 11 + 17 + -3 - 49
-58
What is (-18 + 10 - (-4 - 17)) + -10 - (2 - 10)?
11
Calculate 6 + 48 - (87 + -113 + 3 + 6).
71
Evaluate 3 - ((5 - -4) + (-39 - (-59 - 11))).
-37
What is 1 - -18 - (294 + -369) - (32 + -28)?
90
Evaluate (-5 + (-23 - -7) - (26 - 15)) + 1.
-31
Evaluate (6 - (-4 - 51 - -19 - 22)) + (2 - 1).
65
-17 + (-96 - -59) + -66
-120
Calculate -2 - 21 - (5 + (23 - (21 - -46)) + 27).
-11
What is 17 + -2 + 3 + -46 + -19?
-47
-75 - (0 + (-25 - (-3 - -2)))
-51
What is the value of -35 + -22 + (31 - -56)?
30
What is the value of 1 - 8 - -3 - (17 - (-16 + -6))?
-43
Calculate -43 + (-19 - -1) + (16 - 0).
-45
Calculate 4 + 5 + -3 + (-30 - -13).
-11
Calculate (-68 - 1) + (30 - 27) + 89 + -102.
-79
What is the value of -4 + -40 - (9 - (4 + -6 - (12 + -21)))?
-46
Evaluate 33 - (-14 - (20 + -8 + -11)).
48
What is (20 - (7 - (0 - (4 - 1)))) + -3 - -64?
71
-191 - -216 - (6 - (7 + -4 + -2 + 1))
21
What is the value of 5515 + -5444 + (2 - 60)?
13
What is -154 + 116 - (-17 + -45 + -4)?
28
What is -38 + -44 + 38 + 13?
-31
Calculate -10 + -1 + (38 - (15 - 17)) + -32.
-3
Evaluate -212 + 293 - (47 - 19).
53
What is 47 - ((7 - -41) + -47 + (-7 - (5 - 4)))?
54
Evaluate 22 - (25 + -15 + -16 + -4 - 6).
38
What is (8 - (-24 + 13 - -30)) + 66 + 7?
62
What is -6 + (2 - 6 - -2) + (-134 - -136) + -61?
-67
What is the value of -10 + (-4 - -17) + -68 + 17 - 2?
-50
What is -3 - (-13 + (-16 - 1 - (-198 + 205)))?
34
Calculate 104 - (-59 - 10 - (-119 + 92)).
146
Evaluate (19 - 2) + -1 - (0 + 14 - 26 - -4).
24
-74 - (25 - 59 - (-7 + -3))
-50
What is the value of 29 + (8 - 24) + 4 + 1?
18
70 + 32 + -49 + -60
-7
9 + 1 - ((31 - -54 - 89) + -1 + 17)
-2
3 + -20 - (-3 + -4 + 2) - (-119 + 36)
71
Evaluate 2 - -12 - ((-79 - -30) + 26 + -4).
41
12 + (-68 - -70) + -2 + -134 - (-4 + 0)
-118
Calculate 5576 + -5573 - (5 - (-1 + 2 + -2)).
-3
What is the value of -34 - 1 - (134 - (-104 - -187))?
-86
What is -21 + (47 - 54) - -36?
8
Evaluate 75 + 4 - (-7 + -19 + 38 + -7).
74
Evaluate 13 + -2 + -212 + 194 + -66.
-73
-166 + 271 + -32 + (1 - -23)
97
Calculate -34 - -2 - (1236 + -1237).
-31
Calculate (-57 - 34) + 18 + 51.
-22
What is -105 + 63 - (5 + -42)?
-5
What is the value of -39 - ((-6 - 4) + -36 + 28) - (-3 - 2)?
-16
What is -14 + 1 + (-5 + -9 - 4 - -34)?
3
What is -109 + (263 - -4) - 79?
79
What is the value of -3 + 9 + -6 + (6 - 5) + -29?
-28
48 - (-4 + 87) - -38
3
Evaluate -19 - 0 - ((53 + -45 - 51) + 48).
-24
What is the value of (-16 + 33 - 12) + (31 - 0)?
36
Calculate 6 + 142 - (-9 - 9 - -11 - -15 - 3).
143
What is the value of -2 + -33 - -17 - (-11 + -32)?
25
3 + -1 - (221 + -185 + (26 - -1) + 3)
-64
What is the value of (5 - 12 - (0 + -11 + 8)) + (-62 - 1)?
-67
Calculate 45 - -4 - (-37 - -16 - -7).
63
What is the value of (1 - 23) + (-51 - -139) + -93?
-27
What is the value of -37 - (20 + -101 - -89)?
-45
What is -3 + 130 - (11 + -58 - -5 - -33)?
136
What is the value of 36 + (8 - (7 + 20) - -8) + 13?
38
Evaluate (-42 - -1) + (-10880 - -10907).
-14
What is (-528 - -435) + (52 - -6)?
-35
Evaluate (43 - -26) + 4 + -13 + -8.
52
Evaluate -7 - (270 - 308 - (24 - (-3 - -6))).
52
What is -384 + 294 + 24 + (14 - 9)?
-61
Evaluate (39 - 0) + (-225 - -184).
-2
Calculate -4 - (-2 - -1) - (30 + (1 - 19) - -32).
-47
(12 - (1 - -29)) + 26 + 0 + -1 + 12
19
Calculate (-13 + 8 - 15) + (-11 - -173 - 52).
90
(-9 - -1) + 23 + 30 + -5 + -35
5
What is the value of -15 - (-5 + 2 + -18 + -2)?
8
Evaluate 12 + 4 + -51 + 40 + -25.
-20
What is the value of 99 - (21 + -8 + (-10 - 15) + 7) - 13?
91
38 - (-20 + 23) - (-2 - 12)
49
What is (-44 - 98) + 143 + (-9 - 0)?
-8
What is the value of -4 + (-1 - (5 + -13)) - (13 - 12) - -31?
33
Calculate 54 - (-6 + (93 - 40)).
7
7 + -3 - (23 - ((-24 - -129) + 10))
96
What is the value of 1 - 30 - (-55 - -15 - -34)?
-23
Calculate 12 + (-9 - (14 - 4)) - 88.
-95
What is (-71 - (-10 - 57)) + 114 + 1 + 8?
119
What is (106 - (-3 + 5)) + (-27 - (8 + -34))?
103
Evaluate -38 - (-30 - (16 + -40)).
-32
Evaluate -1250 - -1294 - (0 + 10).
34
What is -125 + 8 + 186 + -101?
-32
-3 + (-73 - (-17 - 1)) - -15
-43
What is the value of 4774 + -4760 - (-47 - 0)?
61
What is the value of (-3 - (-37 - (-35 + 17) - -5)) + (-8 - 0)?
3
What is 1 + 1 + -3 + 7 + -3915 + 3869?
-40
Calculate (53 - 15 - 38) + 4.
4
Evaluate (-30 - 10) + 45 + 27.
32
What is 2 + (2 - (-1 - 18)) - -9?
32
What is -61 - (-31 + (-5 + -1 - -16))?
-40
Calculate (50 - (64 + 4)) + (-1 - -9) - (2 + -10).
-2
Calculate -9 - -12 - ((-28 - 12) + -24).
67
Evaluate 40 + (24 - 10) - (-26 + 29 - (-2 - 1)).
48
What is 14 + 18 + -18 - -14 - 68?
-40
Calculate -48 + (139 